What are the prime factors of m?
3
Let c(m) be the second derivative of 2*m**2 - 1/12*m**4 + 0 + 11/6*m**3 - 2*m. List the prime factors of c(11).
2
Suppose -3*o + 1415 = 7*v - 2*v, -3*v = -2*o - 868. List the prime factors of v.
2, 11, 13
Let d(r) = -2*r - 2. Let f be d(-3). Suppose 4*y = 12 - f. What are the prime factors of y?
2
Suppose 0 = -2*h + 5 - 3, 0 = 3*c + 5*h - 47. Suppose 0 = 3*w - 17 - 67. Let r = w - c. What are the prime factors of r?
2, 7
Let o(q) = -2*q + 3*q + 2 + 0*q. What are the prime factors of o(3)?
5
Let t(j) = j + 1. Let h be t(2). Suppose 22 + h = 5*p, -28 = -4*n - 4*p. What are the prime factors of n?
2
Let w = 184 - 103. List the prime factors of w.
3
Suppose 3*w - 5*g + 32 = -g, -4*g = -w - 24. Let r(y) = -10*y + 3. Let a be r(w). Suppose -i - i = -6, -i = 4*h - a. List the prime factors of h.
2, 5
Suppose -18 = 2*u - 4*g, -3*g + 25 = -2*u + 2. Let m = 35 + u. List the prime factors of m.
2
Let h be ((-3)/6)/(1/(-24)). Let f be 38/6 + 8/h. Suppose -r - y + 15 = 0, -r + f = -y - 0*y. What are the prime factors of r?
11
Let x be (-1)/(-3)*12/1. Suppose -2*l + l = 6. List the prime factors of (-34)/(-3) - x/l.
2, 3
Let v(l) = 3*l + 4. Let k be v(-4). Let h = 11 + k. Let m = h + 2. What are the prime factors of m?
5
Suppose n + 2*n = -d + 5, 5*n = -5*d + 25. What are the prime factors of n + 6*(4 + -1)?
2, 3
Let d(y) = -5*y**2 - 2*y - 11. Let z(p) be the first derivative of -p**3/3 + p**2/2 - p + 2. Let j(o) = -d(o) + 4*z(o). List the prime factors of j(-6).
7
Suppose 2*z - 4 = -4*d, 0 = -z + 2*d - 2. Suppose -5*r + 14 + 21 = z. What are the prime factors of r?
7
Suppose 0 = 5*s + 4*n - 7, -s + 4 = 2*n - 1. List the prime factors of 3/((-3)/s)*13.
13
Let v be 1 - 0 - 1*18/(-6). Let b(y) be the first derivative of 2*y**3/3 - 3*y**2 + 6*y + 1. What are the prime factors of b(v)?
2, 7
Let s be 2 + (-2 + 0 - 2). Let n be 2/((s - -1) + 3). Suppose -4 + n = -k. What are the prime factors of k?
3
Suppose -5 = 4*i + 27. Let p(m) = m + 13. Let t be p(i). Suppose -2*r = 2*c - t*r - 6, r = -4*c + 26. What are the prime factors of c?
2, 3
Let q = 14 - 0. What are the prime factors of q?
2, 7
Let p(r) be the third derivative of -r**6/120 + r**5/10 - r**4/4 + r**3/6 - 2*r**2. What are the prime factors of p(4)?
3
Let z(s) = s + 2. Let r be z(6). Suppose 0 = -2*o - 2 + r. What are the prime factors of 2/2*o + 16?
19
Let g be 12/15*5/(-2). What are the prime factors of (3/g)/((-11)/66)?
3
Let q(w) = -37*w + 21. What are the prime factors of q(-8)?
317
Let i(c) be the second derivative of -c**4/12 - c**3/6 + 7*c**2 + 4*c. List the prime factors of i(0).
2, 7
Suppose 5*u - 2*w - w = -92, -4*u = 2*w + 78. Let b = -11 - u. List the prime factors of b.
2
Suppose 2*o + 16 = -4*p, 5 - 2 = -3*p. Let n = o - -14. What are the prime factors of n?
2
Let r(o) = 2*o. Let h be r(1). Suppose v + 2*v = h*j + 77, 2*v + 2*j - 68 = 0. What are the prime factors of v?
29
Suppose 3*w + 20 = 2*a, -4*w = 4*a - 0*a. List the prime factors of ((-6)/a)/((-3)/80).
2, 5
Let p be (-52)/5 + (-10)/(-25). What are the prime factors of 122/18 + p/(-45)?
7
Suppose 5*t = -4*c + 2*c + 326, 0 = 4*t - 16. List the prime factors of c.
3, 17
Suppose k - 6*k = -40. What are the prime factors of k?
2
Let z(v) = -3*v**2 - 3*v. Let t be z(-2). Let y(f) = -f**3 - 7*f**2 - 5*f + 4. Let j be y(t). Let i(s) = 2*s**2 + s + 2. List the prime factors of i(j).
2
Let k(z) = z**2 - 6*z - 2. Let c be k(7). List the prime factors of (3 - (-3 + c))*14.
2, 7
Let c(m) = -m**2 - 10*m - 5. Let r be c(-9). Suppose 4*w + w = -2*b + 85, 68 = r*w + 2*b. List the prime factors of w.
17
Let k(z) = z**2 + 2*z - 3. Let j be k(2). Suppose -5*o - 9 = -c, j = -2*c + 4*c + 3*o. Let w(f) = 5*f - 3. List the prime factors of w(c).
17
Let f be (0 - 1)/(2 - 1). Let t be (-1 - (f - 1))*0. Suppose t*d + 16 = 2*d. What are the prime factors of d?
2
Let c = -3 - -9. Let w = -11 + c. Let u = 8 + w. List the prime factors of u.
3
Suppose 0 = -2*b + b + 5*s - 7, 4*b - s - 10 = 0. Suppose -b*y + 18 = 9. List the prime factors of y.
3
Let b be (1 - 3)/(2/4). Let d(n) = 2*n + 7. Let q(s) = s + 6. Let x(l) = -3*d(l) + 4*q(l). What are the prime factors of x(b)?
11
Suppose 5*r + 2*u - 219 = 0, -r + 6*r - 5*u - 205 = 0. What are the prime factors of r?
43
Let n = -2 + 1. List the prime factors of 1/(n - 60/(-58)).
29
Suppose -5*x + 2*h = 23, -3*x = -0*x - 4*h + 25. What are the prime factors of (0 - (0 - x)) + 17?
2, 7
Suppose 3*u = 5*b + 16 + 25, 2*u - 5*b - 34 = 0. Suppose -68 = -3*r - 4*j, -j = -2*r + u*r - 136. List the prime factors of r.
2, 7
Let u = -63 - -133. List the prime factors of u.
2, 5, 7
Let b = 7 - 5. Let o = b + -1. List the prime factors of 0 - (2 - 13/o).
11
Let d(f) be the third derivative of f**5/60 + f**4/24 + f**3/6 + f**2. What are the prime factors of d(-6)?
31
Suppose -p - 4*p + 2*k = -122, -2*p - 2*k = -46. List the prime factors of p + 0*(3 - 4).
2, 3
Let n(j) = -j**2 - 7*j + 8. Let b be n(-8). Suppose 3*d - 8*d + 20 = b. Suppose 3*m + 11 = d*m. What are the prime factors of m?
11
Let h(l) = 12*l**3 + l**2 + l - 1. Let g = 4 - 3. What are the prime factors of h(g)?
13
Suppose -4*p = o - 122, p + 3*p = -3*o + 366. List the prime factors of o.
2, 61
Suppose -2*p + 4 = 2. Let i(z) = 2*z**2 - z + 1. Let t be i(p). Suppose 5*s = -2*j + 23, -7*s + 27 = 3*j - t*s. List the prime factors of j.
2
Let a be 1 + (4 - (-37 - -2)). List the prime factors of (a - (0 + -3))/1.
43
Let j = -4 + 7. List the prime factors of j.
3
Let v be 598/18 + (-12)/54. Let y = v + 0. List the prime factors of y.
3, 11
Suppose -2*q + 44 = 4*f, 2*f + 76 - 8 = 4*q. Let a = -13 - q. Let b = -19 - a. What are the prime factors of b?
2, 3
Let r = -2 + 0. Let d = 36 - r. Suppose -1 = -3*k + d. List the prime factors of k.
13
List the prime factors of (-1202)/(-10) - 7/35.
2, 3, 5
List the prime factors of (-11)/((-132)/8) - 1580/(-6).
2, 3, 11
Let l be -1*(24/(-3) + -1). Let j = l - 6. What are the prime factors of j?
3
Let h(v) = -v**3 + 4*v**2 - 2*v + 2. Let s be h(3). Suppose -16 = 4*d, s*o - d + 12 - 56 = 0. What are the prime factors of o?
2
Let c(h) be the third derivative of 1/3*h**3 - 2*h**2 + 0 - 1/12*h**5 + 1/120*h**6 + 0*h + 1/6*h**4. What are the prime factors of c(4)?
2
Let i = -4 + 5. Let b be i/1 + (-44)/(-2). Suppose -b = -2*h + 3*t, -2*h - 5*t + 10*t = -29. List the prime factors of h.
7
Suppose v - 12 = -3*v. Suppose 12 + 18 = 5*y - 5*s, -y + v*s = -14. What are the prime factors of y?
2
List the prime factors of 0*2/(-4) + 42.
2, 3, 7
Let x be (-5 - -3 - 4)/(-2). Suppose -2*w - 49 = -2*n + 1, x*w = 12. What are the prime factors of n?
29
Let q be 1*-2 + (24 - 3). Suppose -c - 7 + q = 0. List the prime factors of c.
2, 3
Let x(h) = -h**3 + 13*h**2 + 15*h. Let g = -69 + 44. Let k = 39 + g. What are the prime factors of x(k)?
2, 7
Suppose 5*j - 5 + 0 = 0, 0 = 4*l - 4*j - 212. Suppose -4*s - l = -5*p, 45 = -0*p + 4*p - 5*s. List the prime factors of 89/5 - (-2)/p.
2, 3
Let m = 219 + -137. What are the prime factors of m?
2, 41
Suppose u = -0*u + 3. Suppose -u*p - 6 = -2*j + 5, -3*p = 3. Suppose -5*f + 59 = -4*a + 3*a, -4*f + j*a = -60. What are the prime factors of f?
11
Let j = 47 + -32. Suppose 38 = o + j. List the prime factors of o.
23
Suppose 1617 = 10*n - 3*n. List the prime factors of n.
3, 7, 11
List the prime factors of 2/(-1)*143/(-11).
2, 13
Let t(r) = -r**3 + 3*r**2 + 1. Let b be t(2). Let s(o) = -29*o**3 + 1. Let d be s(-1). Suppose -b*n = -d - 0. List the prime factors of n.
2, 3
Let v = 13 + -9. Suppose 0 = v*o - 0*q + 2*q - 150, o = -q + 40. List the prime factors of o.
5, 7
Suppose -13 + 1 = -4*c. List the prime factors of c.
3
Suppose 0 = v - 0*v - 52. Suppose 0 = -a - 3*m + 21, -4*m + 0*m = 4*a - v. List the prime factors of a.
3
Let z(b) = -11*b - 19. List the prime factors of z(-5).
2, 3
Let r = 26 + -61. Let v = -21 - r. List the prime factors of v.
2, 7
Suppose -4*p + 17 = -3*p. What are the prime factors of p?
17
Suppose 5*a = 3*z - 5, 2*z + 0*z + 5*a = 20. Suppose -z*i = -3*v + 73, -2*i + 15 = -5*i. Let f = -10 + v. List the prime factors of f.
2, 3
Let d = -8 - -9. Let t = -5 - -9. Let b = d + t. What are the prime factors of b?
5
Suppose 0 = -6*v - 194 + 686. List the prime factors of